 = 3*l**3 - l**2 - 54*l + 353. What is v(6)?
641
Let a(t) = 4*t**3 - 815*t**2 + 5306*t + 2551. Give a(197).
-10
Let b(x) = -x**3 - 115*x**2 + 103*x - 1592. Calculate b(-116).
-84
Let c(x) = 2*x**2 - 1228*x + 42559. What is c(36)?
943
Let j(a) = -930*a - 25079. Give j(-27).
31
Let d(s) = 118*s**2 + 604*s - 54067. What is d(19)?
7
Let a(z) = -z**3 - 51*z + 205. What is a(0)?
205
Let x(c) = -2*c**2 - 195*c - 3733. Calculate x(-17).
-996
Let n(p) = -58*p**2 - 100*p + 9. Determine n(-3).
-213
Let f(c) = -4*c**2 - 1127*c - 16628. What is f(-15)?
-623
Let k(h) = -7087*h + 64124. Calculate k(9).
341
Let j(z) = -326*z - 84105. Give j(-258).
3
Let i(g) = -4*g**2 - 141*g + 48374. Determine i(-129).
-1
Let r(c) = 5*c**2 + 10079*c + 20146. What is r(-2)?
8
Let d(l) = 4*l**2 + 433*l + 4288. Calculate d(-11).
9
Let m(c) = -c**3 + 69*c**2 - 191*c - 1093. What is m(66)?
-631
Let j(t) = t**3 - 173*t**2 + 435*t - 137367. Determine j(175).
8
Let b(g) = -g**2 - 249*g + 1822. Calculate b(7).
30
Let l(z) = 2*z**2 - 1239*z + 30798. What is l(26)?
-64
Let g(t) = 2*t**3 - 298*t**2 - 24541*t + 135. Calculate g(-59).
-42
Let r(b) = 392*b + 44689. Calculate r(-114).
1
Let g(d) = -746*d + 519. Calculate g(2).
-973
Let b(r) = -131*r**2 - 1550*r + 3095. What is b(2)?
-529
Let a(f) = -6*f**3 - 1783*f**2 + 5363*f - 3. Give a(3).
-123
Let t(m) = 981*m - 2441. Determine t(4).
1483
Let a(p) = 31*p**2 + 1168*p + 6671. Calculate a(-7).
14
Let g(n) = 6417*n**2 - 32089*n + 11. Calculate g(5).
-9
Let s(j) = 21*j**2 - 3603*j - 1416. Give s(172).
132
Let t(j) = -31209*j - 3401785. Calculate t(-109).
-4
Let z(t) = 125*t**2 + 1408*t + 557. Give z(-11).
194
Let z(j) = 8448*j - 236547. Calculate z(28).
-3
Let r(o) = 8*o**2 + 434*o + 6030. Determine r(-15).
1320
Let z(g) = -17*g**3 + 10*g**2 - 2*g - 6. Give z(-1).
23
Let s(h) = -3*h**3 + 40*h**2 - 192*h - 3. Give s(5).
-338
Let q(c) = -10*c**3 + 25*c**2 - 74*c + 23. Calculate q(3).
-244
Let v(i) = -4558*i - 474091. Calculate v(-104).
-59
Let r(t) = -1458*t + 323694. Calculate r(222).
18
Let s(i) = -i**3 - 71*i**2 - 1186*i + 199. Determine s(-44).
111
Let n(f) = f**3 - 110*f**2 + 182*f + 3348. What is n(108)?
-324
Let s(p) = 30*p**2 - 2821*p + 5548. Determine s(2).
26
Let f(g) = -515*g + 19847. Calculate f(39).
-238
Let n(z) = -70*z**3 + 6990*z**2 + 981*z + 1893. Determine n(100).
-7
Let c(m) = m**2 + 151*m - 30. Calculate c(-18).
-2424
Let l(d) = -517223*d + 517231. What is l(1)?
8
Let c(n) = 1686*n + 1976. What is c(-1)?
290
Let y(m) = -56*m**3 - 5*m**2 - 351*m - 347. Give y(-1).
55
Let x(w) = -w**3 + 229*w**2 + 3434*w + 448. Calculate x(-14).
0
Let n(z) = -1255*z - 180622. Determine n(-144).
98
Let l(o) = -o**3 + 101*o**2 - 262*o - 3148. What is l(98)?
-12
Let d(v) = -v**3 - 419*v**2 + 2461*v + 578. What is d(6)?
44
Let d(y) = 2*y**3 + 462*y**2 + 423*y - 8696. Give d(-230).
-186
Let r(m) = 1159*m + 9289. What is r(-8)?
17
Let u(m) = 51*m**3 + 98*m**2 + 143*m + 270. What is u(-2)?
-32
Let q(h) = 2*h**3 + 36*h**2 - 83*h - 101. What is q(3)?
28
Let n(o) = -10*o**2 + 85*o - 333. What is n(4)?
-153
Let h(b) = b**3 + 981*b**2 - 971*b + 10776. What is h(-982)?
-26
Let k(w) = 173*w + 855. What is k(7)?
2066
Let o(v) = 123*v**2 + 4113*v + 5679. What is o(-32)?
15
Let v(c) = 39*c**3 + 562*c**2 + 1463*c - 15. What is v(-11)?
-15
Let q(c) = 11*c**3 - 518*c**2 + 53*c - 311. What is q(47)?
-29
Let j(i) = 30*i**3 - 10*i**2 + 2*i + 7. Calculate j(1).
29
Let y(c) = 125455*c - 1254574. Determine y(10).
-24
Let h(q) = q**3 + 79*q**2 - 777*q + 1389. Calculate h(-88).
69
Let z(j) = -2628*j - 15788. Calculate z(-6).
-20
Let n(v) = -7*v**2 + 1292*v - 12897. Calculate n(10).
-677
Let u(g) = 26298*g - 157787. Give u(6).
1
Let c(a) = -a**3 - 9*a**2 - 331*a - 5613. Calculate c(-14).
1
Let w(n) = -9*n**2 - 38*n + 452. Determine w(6).
-100
Let l(s) = -52*s**2 - 11974*s - 73051. Calculate l(-224).
-27
Let o(x) = -x**2 - 91*x + 2765. What is o(24)?
5
Let y(s) = -s**3 + 24*s**2 - 15441*s + 322947. Calculate y(21).
9
Let r(d) = -2*d**3 + 141*d**2 + 1531*d - 537. What is r(80)?
343
Let s(k) = 590*k - 320958. Give s(544).
2
Let g(f) = 4*f**3 - 6*f**2 + 439*f - 1723. Determine g(4).
193
Let w(f) = f**2 - 107*f + 1132. Determine w(0).
1132
Let f(h) = -843*h**2 + 4200*h + 28. Give f(5).
-47
Let a(w) = 123*w + 84878. Give a(-690).
8
Let g(v) = v**3 + 112*v**2 + 4*v + 43. Determine g(0).
43
Let i(r) = -7*r**2 + 988*r + 16397. Calculate i(-15).
2
Let b(n) = 83*n**2 - 13695*n + 263. Give b(165).
263
Let j(y) = -y**3 - 798*y**2 - 48386*y - 54171. Determine j(-732).
-3
Let s(u) = -420*u + 53. What is s(6)?
-2467
Let c(n) = n**2 - 3796*n + 71772. What is c(19)?
9
Let k(t) = 76905*t**2 + 615243*t - 14. Calculate k(-8).
-38
Let n(g) = -127*g**2 - 7704*g + 89748. What is n(10)?
8
Let o(u) = -15*u**2 - 513*u + 11855. Calculate o(-50).
5
Let y(c) = c**3 + 9735*c**2 + 58365*c - 57. What is y(-6)?
-3
Let d(z) = 932*z - 58936. Calculate d(64).
712
Let f(t) = -45*t + 2474. Determine f(21).
1529
Let r(q) = 394*q**2 - 3166*q + 90. What is r(8)?
-22
Let p(x) = -2445*x + 11758. What is p(5)?
-467
Let m(a) = a**3 - 19*a**2 + 63*a - 870. Calculate m(15).
-825
Let h(q) = q**3 - 43*q**2 - 191*q + 149. Calculate h(47).
8
Let q(z) = -39*z**3 - 417*z**2 + 1651*z + 7. Determine q(4).
-2557
Let j(t) = 94079*t - 1223051. What is j(13)?
-24
Let q(t) = 10*t**2 + 240*t + 582. Calculate q(-20).
-218
Let u(b) = -272*b + 24659. Determine u(91).
-93
Let b(n) = -5*n**3 - 158*n**2 - 23*n + 6452. Give b(-30).
-58
Let o(t) = t**3 - 5*t**2 - 8442*t + 42221. Calculate o(5).
11
Let r(p) = 55*p**3 - 670*p**2 - 598*p + 161. Determine r(13).
-8
Let r(o) = 13*o**2 - 1627*o - 564. Give r(125).
-814
Let h(g) = -65*g**2 - 1283*g + 12. Calculate h(-20).
-328
Let y(z) = 3421*z - 28424. What is y(8)?
-1056
Let o(k) = -k**3 - 202*k**2 + 651*k + 7396. Give o(-205).
16
Let v(l) = -2*l**3 + l**2 - 14*l - 86. Calculate v(7).
-821
Let u(s) = -108412*s + 1084122. Calculate u(10).
2
Let o(c) = 11561*c - 5572317. Determine o(482).
85
Let a(u) = 17743*u - 53272. What is a(3)?
-43
Let h(x) = -554*x - 75899. What is h(-137)?
-1
Let a(o) = 2*o**3 + 6312*o**2 - 590953*o - 100. Calculate a(91).
-9
Let s(f) = f**2 + 977*f + 4828. Calculate s(0).
4828
Let k(z) = 34*z**3 - 2801*z**2 + 1056*z + 808. Give k(82).
-12
Let j(v) = -994*v + 74686. Give j(75).
136
Let h(i) = -i**3 - 57*i**2 + 608*i + 930. Give h(-66).
6
Let r(l) = 183*l**2 - 78509*l + 880. Calculate r(429).
22
Let r(v) = 52*v - 10364. What is r(199)?
-16
Let u(h) = 2*h**3 - 169*h**2 + 420*h - 829. What is u(82)?
-9
Let i(j) = 2*j**3 - 133*j**2 - 169*j + 15552. Determine i(66).
42
Let l(d) = 28*d**2 + 2220*d - 11098. What is l(5)?
702
Let z(l) = -21743*l - 282574. Give z(-13).
85
Let s(f) = 528*f**2 + 93454*f - 290. Calculate s(-177).
64
Let u(s) = 3505*s + 325997. Determine u(-93).
32
Let n(g) = -g**2 + 5783*g - 34700. Give n(6).
-38
Let a(b) = -b**3 + 91*b**2 - 1802*b - 3506. What is a(60)?
-26
Let f(h) = -4840*h - 33881. What is f(-7)?
-1
Let c(z) = z**3 + 3*z**2 - 346*z - 1789. Calculate c(-17).
47
Let z(a) = 6625*a - 33119. Determine z(5).
6
Let b(r) = -3770*r + 23465. Calculate b(6).
845
Let y(w) = 20342*w + 122053. Calculate y(-6).
1
Let v(b) = b**3 + 47*b**2 - 166*b - 18665. Determine v(-39).
-23
Let w(y) = y**3 + 38*y**2 + 260*y - 80. What is w(-8)?
-240
Let c(f) = f**3 - 54*f**2 + 772*f - 2631. Calculate c(16).
-7
Let c(i) = -4*i**2 - 1539*i - 4160. Determine c(-382).
42
Let b(u) = -2*u**2 + 98*u + 2231. Give b(-29).
-2293
Let l(q) = -28*q**2 - 499*q + 602. Determine l(-19).
-25
Let n(i) = -i**3 + 60*i**2 - 44*i - 953. Determine n(59).
-68
Let g(h) = 50743*h + 507456. Calculate g(-10).
26
Let v(j) = 121*j**2 - 163*j + 111. Determine v(1).
69
Let p(c) = c**3 + 192*c**2 - 1321*c + 55784. Determine p(-200).
-16
Let s(y) = -15211*y - 1870956. Determine s(-123).
-3
Let h(z) = -449*z**2 - 18403*z + 246. Give h(-41).
0
Let v(x) = x**2 + 8945*x + 2275014. Determine v(-262).
68
Let k(q) = q**2 - 209*q - 7769. Determine k(234).
-1919
Let o(v) = -1764*v**2 + 54*v + 52. Determine o(-1).
-1766
Let b(p) = -100*p + 6302. Give b(59).
402
Let w(k) = -k**3 - 20*k**2 + 503*k - 821. Determine w(-35).
-51
Let x(t) = -146*t + 5476. Give x(39).
-218
Let h(x) = -x**2 + 232304*x + 3252453. What is h